{"id":24,"date":"2024-03-25T21:33:19","date_gmt":"2024-03-25T21:33:19","guid":{"rendered":"https:\/\/daniel-reyes.webaniel.com\/?page_id=24"},"modified":"2024-03-25T21:33:19","modified_gmt":"2024-03-25T21:33:19","slug":"preparacion","status":"publish","type":"page","link":"https:\/\/daniel-reyes.webaniel.com\/?page_id=24","title":{"rendered":"Preparaci\u00f3n"},"content":{"rendered":"\n<p>2016 &#8211; Ingenier\u00eda en inform\u00e1tica, Universidad Polit\u00e9cnico del Valle de M\u00e9xico <\/p>\n","protected":false},"excerpt":{"rendered":"<p>2016 &#8211; Ingenier\u00eda en inform\u00e1tica, Universidad Polit\u00e9cnico del Valle de M\u00e9xico<\/p>\n","protected":false},"author":1,"featured_media":0,"parent":0,"menu_order":0,"comment_status":"closed","ping_status":"closed","template":"","meta":{"footnotes":""},"_links":{"self":[{"href":"https:\/\/daniel-reyes.webaniel.com\/index.php?rest_route=\/wp\/v2\/pages\/24"}],"collection":[{"href":"https:\/\/daniel-reyes.webaniel.com\/index.php?rest_route=\/wp\/v2\/pages"}],"about":[{"href":"https:\/\/daniel-reyes.webaniel.com\/index.php?rest_route=\/wp\/v2\/types\/page"}],"author":[{"embeddable":true,"href":"https:\/\/daniel-reyes.webaniel.com\/index.php?rest_route=\/wp\/v2\/users\/1"}],"replies":[{"embeddable":true,"href":"https:\/\/daniel-reyes.webaniel.com\/index.php?rest_route=%2Fwp%2Fv2%2Fcomments&post=24"}],"version-history":[{"count":2,"href":"https:\/\/daniel-reyes.webaniel.com\/index.php?rest_route=\/wp\/v2\/pages\/24\/revisions"}],"predecessor-version":[{"id":50,"href":"https:\/\/daniel-reyes.webaniel.com\/index.php?rest_route=\/wp\/v2\/pages\/24\/revisions\/50"}],"wp:attachment":[{"href":"https:\/\/daniel-reyes.webaniel.com\/index.php?rest_route=%2Fwp%2Fv2%2Fmedia&parent=24"}],"curies":[{"name":"wp","href":"https:\/\/api.w.org\/{rel}","templated":true}]}}